 is -11 (base 7) in base 12?
-8
3 (base 14) to base 8
3
What is -333 (base 9) in base 14?
-157
What is -110 (base 2) in base 9?
-6
What is -4 (base 5) in base 14?
-4
Convert 143 (base 5) to base 12.
40
1 (base 10) to base 14
1
Convert -43 (base 13) to base 3.
-2001
What is -241 (base 6) in base 8?
-141
Convert 12 (base 7) to base 4.
21
What is -12 (base 3) in base 2?
-101
What is 6 (base 8) in base 2?
110
What is -10 (base 6) in base 10?
-6
Convert d (base 15) to base 7.
16
Convert -353 (base 6) to base 15.
-96
25 (base 12) to base 11
27
Convert 13 (base 4) to base 5.
12
-4 (base 15) to base 12
-4
Convert 110 (base 6) to base 2.
101010
-1b7 (base 13) to base 10
-319
What is -b (base 15) in base 11?
-10
Convert 24 (base 16) to base 15.
26
Convert 92 (base 16) to base 6.
402
-2 (base 8) to base 10
-2
136 (base 10) to base 15
91
Convert 205 (base 6) to base 13.
5c
Convert 4a (base 13) to base 8.
76
What is -48 (base 12) in base 4?
-320
Convert 322 (base 4) to base 12.
4a
-2 (base 6) to base 10
-2
Convert -4 (base 10) to base 2.
-100
2 (base 4) to base 11
2
Convert -86 (base 11) to base 3.
-10111
What is -12 (base 4) in base 6?
-10
What is -3 (base 11) in base 13?
-3
Convert -15 (base 11) to base 5.
-31
What is -321 (base 5) in base 9?
-105
Convert -5 (base 11) to base 14.
-5
Convert -2 (base 6) to base 11.
-2
What is -1 (base 4) in base 15?
-1
What is -1100011 (base 2) in base 12?
-83
What is -9 (base 11) in base 6?
-13
-11101 (base 2) to base 3
-1002
224 (base 8) to base 10
148
Convert -12 (base 11) to base 12.
-11
Convert -5 (base 8) to base 12.
-5
Convert 0 (base 9) to base 7.
0
What is -11000100 (base 2) in base 5?
-1241
What is -a (base 15) in base 5?
-20
11 (base 2) to base 12
3
What is 46 (base 16) in base 4?
1012
What is 133 (base 7) in base 3?
2201
Convert 313 (base 6) to base 4.
1311
0 (base 8) to base 9
0
-14 (base 8) to base 13
-c
What is 7 (base 12) in base 11?
7
Convert -4 (base 10) to base 5.
-4
1001000 (base 2) to base 8
110
What is -13 (base 13) in base 2?
-10000
Convert 1220 (base 5) to base 2.
10111001
Convert 26 (base 8) to base 4.
112
What is 302 (base 4) in base 13?
3b
-1 (base 6) to base 13
-1
Convert -101111110 (base 2) to base 3.
-112011
Convert 37 (base 8) to base 6.
51
Convert 6 (base 10) to base 13.
6
12 (base 13) to base 11
14
What is -1 (base 12) in base 5?
-1
What is 4 (base 7) in base 3?
11
1 (base 15) to base 8
1
What is -a (base 12) in base 6?
-14
-10 (base 3) to base 13
-3
Convert 3 (base 7) to base 15.
3
-2 (base 4) to base 7
-2
70 (base 15) to base 11
96
Convert -2 (base 4) to base 15.
-2
-16 (base 10) to base 2
-10000
Convert 112 (base 3) to base 14.
10
Convert 0 (base 13) to base 16.
0
Convert 20010 (base 3) to base 15.
b0
-32 (base 6) to base 16
-14
What is 7 (base 10) in base 15?
7
57 (base 11) to base 8
76
What is -27 (base 9) in base 4?
-121
Convert a (base 12) to base 10.
10
1101 (base 2) to base 14
d
0 (base 9) to base 16
0
What is -110 (base 2) in base 5?
-11
-1 (base 11) to base 9
-1
68 (base 10) to base 2
1000100
-25 (base 9) to base 2
-10111
What is 1 (base 8) in base 15?
1
What is -112 (base 3) in base 10?
-14
What is 33 (base 5) in base 12?
16
31 (base 6) to base 14
15
38 (base 14) to base 11
46
Convert 5 (base 7) to base 12.
5
-40 (base 5) to base 14
-16
40 (base 8) to base 4
200
-121 (base 14) to base 12
-169
What is 4 (base 8) in base 16?
4
What is 3 (base 13) in base 4?
3
240 (base 5) to base 10
70
What is -162 (base 8) in base 4?
-1302
-31 (base 5) to base 13
-13
What is -4 (base 7) in base 13?
-4
What is 20120 (base 3) in base 8?
261
10 (base 8) to base 3
22
-15 (base 10) to base 11
-14
What is -9 (base 11) in base 3?
-100
What is -2132 (base 5) in base 13?
-196
What is 4 (base 16) in base 12?
4
Convert -47 (base 10) to base 9.
-52
Convert -4 (base 10) to base 2.
-100
What is -13 (base 5) in base 3?
-22
Convert -5 (base 11) to base 12.
-5
Convert 1042 (base 6) to base 8.
362
What is 200 (base 6) in base 4?
1020
What is 14 (base 5) in base 11?
9
What is 11 (base 2) in base 14?
3
85 (base 14) to base 13
90
-10 (base 6) to base 10
-6
What is -5 (base 15) in base 14?
-5
-11 (base 13) to base 11
-13
-21 (base 7) to base 16
-f
Convert 2 (base 10) to base 7.
2
-b (base 15) to base 12
-b
102 (base 6) to base 7
53
Convert -13a (base 13) to base 3.
-22002
7 (base 11) to base 8
7
What is -202 (base 3) in base 16?
-14
What is 30 (base 6) in base 4?
102
What is 0 (base 3) in base 11?
0
What is -2 (base 15) in base 12?
-2
Convert 59 (base 12) to base 11.
63
Convert -1 (base 14) to base 16.
-1
-24 (base 5) to base 8
-16
What is 33 (base 4) in base 5?
30
Convert -121 (base 6) to base 5.
-144
Convert 23 (base 6) to base 12.
13
Convert 0 (base 13) to base 9.
0
Convert -1 (base 8) to base 9.
-1
Convert 1 (base 3) to base 5.
1
0 (base 12) to base 8
0
3 (base 4) to base 10
3
What is 4 (base 7) in base 2?
100
Convert 4 (base 10) to base 11.
4
Convert -10 (base 4) to base 8.
-4
2 (base 15) to base 6
2
What is -63 (base 9) in base 6?
-133
-4 (base 14) to base 11
-4
Convert 4 (base 14) to base 12.
4
What is 1 (base 5) in base 12?
1
What is -2 (base 12) in base 3?
-2
-12 (base 11) to base 15
-d
-3 (base 7) to base 13
-3
-112 (base 4) to base 14
-18
6 (base 8) to base 9
6
Convert 4a (base 16) to base 14.
54
What is 6 (base 8) in base 10?
6
-10 (base 2) to base 14
-2
Convert -4 (base 13) to base 8.
-4
-3a (base 12) to base 3
-1201
Convert 0 (base 11) to base 2.
0
364 (base 7) to base 4
3001
-11010 (base 2) to base 10
-26
What is 20 (base 5) in base 2?
1010
What is 22 (base 4) in base 16?
a
Convert 9 (base 13) to base 15.
9
Convert 3 (base 7) to base 16.
3
What is -9 (base 16) in base 11?
-9
Convert -132 (base 13) to base 6.
-550
Convert 1 (base 13) to base 11.
1
Convert -13 (base 4) to base 9.
-7
Convert -110 (base 7) to base 13.
-44
Convert -5 (base 13) to base 7.
-5
Convert -301 (base 6) to base 5.
-414
What is -110 (base 4) in base 16?
-14
What is 1 (base 12) in base 13?
1
What is 2234 (base 5) in base 7?
634
Convert 36 (base 8) to base 3.
1010
What is -5 (base 16) in base 14?
-5
What is 3 (base 4) in base 2?
11
What is 5 (base 14) in base 12?
5
What is -13 (base 5) in base 14?
-8
What is -13 (base 10) in base 11?
-12
Convert 15 (base 16) to base 11.
1a
31 (base 8) to base 3
221
What is -35 (base 12) in base 5?
-131
What is 10111 (base 2) in base 5?
43
What is b (base 15) in base 13?
b
What is -141 (base 7) in base 13?
-60
-22 (base 9) to base 16
-14
What is 1 (base 15) in base 8?
1
Convert -7 (base 13) to base 15.
-7
Convert 3 (base 5) to base 15.
3
What is -a (base 15) in base 2?
-1010
Convert 0 (base 7) to base 2.
0
222 (base 3) to base 14
1c
What is -14 (base 12) in base 11?
-15
Convert e (base 16) to base 3.
112
Convert 0 (base 10) to base 3.
0
What is -80 (base 9) in base 8?
-110
Convert -111 (base 9) to base 4.
-1123
-6 (base 8) to base 7
-6
14 (base 16) to base 13
17
-5 (base 16) to base 5
-10
What is 52 (base 8) in base 3?
1120
Convert 17 (base 15) to base 14.
18
What is 13 (base 6) in base 3?
100
Convert -8 (base 12) to base 14.
-8
-2 (base 3) to base 11
-2
What is 2 (base 7) in base 4?
2
What is 10 (base 3) in base 2?
11
What is 0 (base 3) in base 2?
0
Convert -2 (base 15) to base 10.
-2
What is 36 (base 7) in base 12?
23
Convert -1 (base 5) to base 2.
-1
What is -464 (base 7) in base 4?
-3302
Convert -131 (base 5) to base 12.
-35
Convert 10 (base 7) to base 8.
7
-8 (base 12) to base 7
-11
-70 (base 10) to base 13
-55
1001000 (base 2) to base 16
48
What is 1 (base 8) in base 14?
1
Convert 2 (base 5) to base 3.
2
97 (base 14) to base 10
133
-61 (base 7) to base 6
-111
What is -11 (base 4) in base 15?
-5
-59 (base 11) to base 8
-100
What is -a (base 11) in base 3?
-101
What is -5 (base 8) in base 11?
-5
What is 11 (base 4) in base 12?
5
What is -96 (base 13) in base 2?
-1111011
What is -120 (base 8) in base 14?
-5a
-1 (base 15) to base 4
-1
-4 (base 7) to base 2
-100
What is 0 (base 11) in base 15?
0
Convert -3 (base 15) to base 14.
-3
Convert 16 (base 14) to base 10.
20
What is 0 (base 12) in base 5?
0
What is a (base 15) in base 2?
1010
Convert 3 (base 7) to base 13.
3
What is 1 (base 10) in base 12?
1
Convert 6 (base 14) to base 11.
6
134 (base 6) to base 7
112
What is -2 (base 12) in base 13?
-2
W